me number?
False
Is 131041 prime?
True
Is 8501 prime?
True
Is 11734 composite?
True
Is 96893 a composite number?
False
Is 6015095 composite?
True
Is 20911 prime?
False
Is 236609 composite?
False
Is 170207 a prime number?
True
Is 21133 composite?
True
Is 491483 a prime number?
True
Is 1097 composite?
False
Is 18947 a composite number?
False
Is 1537 a prime number?
False
Is 993137 composite?
False
Is 48349 a prime number?
False
Is 48073 composite?
False
Is 3137 composite?
False
Is 174647 composite?
True
Is 16243 prime?
False
Is 31883 a prime number?
True
Is 336291 composite?
True
Is 12517 prime?
True
Is 15427 a composite number?
False
Is 2693749 prime?
True
Is 1082083 a composite number?
False
Is 34154 a composite number?
True
Is 3127 a prime number?
False
Is 35209 a composite number?
True
Is 470069 a composite number?
True
Is 324986 composite?
True
Is 177409 prime?
True
Is 2691803 a composite number?
False
Is 32503 a composite number?
False
Is 9127 a prime number?
True
Is 25841 composite?
False
Is 315373 prime?
True
Is 501641 prime?
False
Is 2329342 a composite number?
True
Is 234431 a composite number?
False
Is 318127 composite?
False
Is 2095 a composite number?
True
Is 4524779 a prime number?
False
Is 224801 prime?
False
Is 7849 prime?
False
Is 1727 a prime number?
False
Is 6731 a composite number?
True
Is 588449 prime?
False
Is 666157 a prime number?
False
Is 79589 a composite number?
False
Is 187835 prime?
False
Is 13891 prime?
False
Is 41681 a composite number?
False
Is 11113 prime?
True
Is 23813 a prime number?
True
Is 47071 a prime number?
False
Is 461233 composite?
False
Is 45283 composite?
True
Is 1319 a composite number?
False
Is 1500967 a prime number?
False
Is 953 a composite number?
False
Is 42591 a prime number?
False
Is 117901 a prime number?
False
Is 30729 a prime number?
False
Is 9011 a composite number?
False
Is 74653 prime?
True
Is 98849 a prime number?
True
Is 29453 a prime number?
True
Is 7706539 composite?
False
Is 39541 a composite number?
False
Is 17211 a composite number?
True
Is 30679 prime?
False
Is 130931 composite?
True
Is 7817 prime?
True
Is 9397 a composite number?
False
Is 286243 prime?
True
Is 1801 composite?
False
Is 22241 a prime number?
False
Is 38501 a prime number?
True
Is 765511 composite?
True
Is 527343 prime?
False
Is 114385 prime?
False
Is 17371 prime?
False
Is 1009 composite?
False
Is 153407 a prime number?
True
Is 20621 prime?
False
Is 304267 prime?
False
Is 6943 composite?
True
Is 52951 prime?
True
Is 33983 prime?
False
Is 583991 composite?
False
Is 15634 prime?
False
Is 33461 a composite number?
False
Is 10427 prime?
True
Is 331 a prime number?
True
Is 461957 a composite number?
False
Is 308183 prime?
False
Is 4680763 prime?
False
Is 31259 a composite number?
False
Is 499709 composite?
True
Is 196831 a composite number?
False
Is 10639 a composite number?
False
Is 528013 prime?
True
Is 5033 composite?
True
Is 583819 a prime number?
False
Is 6609 prime?
False
Is 2095 prime?
False
Is 9527 composite?
True
Is 31379 prime?
True
Is 54479 a composite number?
True
Is 30763 composite?
False
Is 1383185 composite?
True
Is 43399 a composite number?
False
Is 125183 a composite number?
False
Is 64257 composite?
True
Is 100277 a composite number?
True
Is 61561 a prime number?
True
Is 577103 a prime number?
False
Is 77329 composite?
True
Is 21059 prime?
True
Is 23849 a composite number?
True
Is 352543 prime?
True
Is 1584173 a prime number?
False
Is 3556013 prime?
False
Is 23303 prime?
False
Is 1453285 composite?
True
Is 1662863 a prime number?
True
Is 1949 composite?
False
Is 109315 prime?
False
Is 90757 composite?
True
Is 37129 composite?
True
Is 373823 composite?
False
Is 3433 a composite number?
False
Is 6679 composite?
False
Is 1759 prime?
True
Is 42373 prime?
True
Is 3659 composite?
False
Is 2647 prime?
True
Is 520717 composite?
False
Is 779 a composite number?
True
Is 14981 a prime number?
False
Is 203367 a prime number?
False
Is 57394 composite?
True
Is 185047 a prime number?
False
Is 43517 a prime number?
True
Is 300799 composite?
False
Is 19165 prime?
False
Is 68813 prime?
True
Is 28447 prime?
True
Is 96829 prime?
False
Is 335599 a composite number?
True
Is 38537 composite?
True
Is 4957 prime?
True
Is 302599 prime?
False
Is 25621 a composite number?
False
Is 751 prime?
True
Is 260483 prime?
True
Is 4353 composite?
True
Is 127 prime?
True
Is 115 composite?
True
Is 808343 a composite number?
False
Is 72671 a prime number?
True
Is 679555 a composite number?
True
Is 508481 a prime number?
False
Is 2629 composite?
True
Is 20849 composite?
False
Is 265345 a prime number?
False
Is 84563 a prime number?
False
Is 293801 composite?
True
Is 338945 a prime number?
False
Is 169057 a composite number?
True
Is 38953 prime?
True
Is 1988111 a composite number?
True
Is 112397 composite?
False
Is 44323 composite?
True
Is 239231 a composite number?
False
Is 335091 prime?
False
Is 2152783 a prime number?
True
Is 323 a composite number?
True
Is 514473 a prime number?
False
Is 75631 prime?
False
Is 4577 composite?
True
Is 13963 a composite number?
False
Is 4391 composite?
False
Is 956569 prime?
True
Is 10033 a composite number?
True
Is 81505 prime?
False
Is 14107 a composite number?
False
Is 260605 a composite number?
True
Is 1973 a prime number?
True
Is 117353 composite?
False
Is 117751 a prime number?
True
Is 167831 composite?
True
Is 85411 prime?
True
Is 74821 prime?
True
Is 5639 a prime number?
True
Is 8039 a composite number?
False
Is 4979 a prime number?
False
Is 2473 a prime number?
True
Is 83047 composite?
False
Is 1903 prime?
False
Is 18721 composite?
True
Is 183403 prime?
False
Is 8501 composite?
False
Is 1138945 a composite number?
True
Is 1578353 a composite number?
True
Is 1973 composite?
False
Is 70251 composite?
True
Is 557423 a prime number?
True
Is 23909 composite?
False
Is 3259 composite?
False
Is 205289 a composite number?
True
Is 84055 a prime number?
False
Is 33377 a composite number?
False
Is 503033 a composite number?
True
Is 4874 a prime number?
False
Is 9673 a prime number?
False
Is 2716418 prime?
False
Is 1592023 composite?
True
Is 494111 composite?
True
Is 50603 prime?
False
Is 71507 a composite number?
True
Is 30971 prime?
True
Is 3761 prime?
True
Is 1070809 a composite number?
True
Is 893929 a composite number?
False
Is 16079 prime?
False
Is 47714 prime?
False
Is 47021 composite?
True
Is 997 prime?
True
Is 1002185 composite?
True
Is 79489 composite?
True
Is 48017 a composite number?
False
Is 917779 a composite number?
True
Is 2231 a composite number?
True
Is 1796717 composite?
True
Is 2453 a prime number?
False
Is 10369 a composite number?
False
Is 825577 composite?
False
Is 38507 composite?
True
Is 433429 prime?
True
Is 4534 prime?
False
Is 15681 prime?
False
Is 1289501 a composite number?
True
Is 18661 a prime number?
True
Is 58271 composite?
False
Is 159053 prime?
False
Is 379003 composite?
True
Is 83879 a prime number?
False
Is 21309 a prime number?
False
Is 7411 a prime number?
True
Is 44839 composite?
False
Is 114713 a prime number?
True
Is 36021 prime?
False
Is 779657 a prime number?
True
Is 237697 a prime number?
False
Is 544574 a composite number?
True
Is 163181 composite?
False
Is 116047 prime?
True
Is 9979 composite?
True
Is 3691 a composite number?
False
Is 172897 a composite number?
True
Is 5674667 a prime number?
False
Is 269981 a prime number?
True
Is 60715 composite?
True
Is 8929 prime?
True
Is 259 composite?
True
Is 619 prime?
True
Is 15578 a prime number?
False
Is 271759 a composite number?
True
Is 16613 composite?
True
Is 25923 a composite number?
True
Is 25859 a prime number?
False
Is 960863 composite?
False
Is 3479419 composite?
True
Is 90377 a prime number?
False
Is 786307 composite?
False
Is 29983 prime?
True
Is 31367 a composite number?
True
Is 521861 a prime number?
True
Is 317407 a composite number?
True
Is 9445 composite?
True
Is 126031 prime?
True
Is 566177 composite?
True
Is 191849 a composite number?
True
Is 639647 a composite number?
False
Is 1628485 composite?
True
Is 1397 a prime number?
False
Is 8997 a composite number?
True
Is 42793 composite?
False
Is 429581 a prime number?
True
Is 288887 prime?
False
Is 22993 a prime number?
True
Is 15819 composite?
True
Is 17